 4*k - 7. Let m(h) be the first derivative of h**3 - h + 1. Calculate m(k).
2
Let z(r) = 2*r**3 - 7*r**3 + 4*r**3 - 27 + 20. Give z(0).
-7
Let m(u) = 5*u**2 + 7*u + 9. Let i(b) = 2*b**2 + 3*b + 4. Let r(c) = -7*i(c) + 3*m(c). Suppose -3*y + 5 = -k, -y - 8 - 2 = 2*k. Calculate r(y).
-1
Let w be (56/10)/(16/40). Let l = -12 + w. Let c(h) = -3*h**2 + 4*h - 2. Give c(l).
-6
Let n(b) = b**2 - 5*b + 6. Suppose 4*x = 3*k + 11, x + k - 20 = -4*k. Determine n(x).
6
Let d(l) = -l**2 - 6*l + 3. Let b be d(-7). Let w(v) = -v**3 - 3*v**2 + 2*v. Determine w(b).
8
Let l(n) = 8*n**2 + 5*n + 8. Let a(w) = -3*w**2 - 2*w - 3. Let t(u) = -11*a(u) - 4*l(u). Let b be (-2)/(-2) + 0/(-2). Let r be (b/2)/((-2)/8). What is t(r)?
1
Let q = -5 + 20. Suppose -10*a = -7*a - q. Let u(g) = -g**2 + 6*g + 7. Give u(a).
12
Let f(d) = -8*d**2 + 2*d + 1. Suppose -2*j + 8 = -4*b, -1 - 19 = -5*j + 3*b. Suppose 4*w = -4*q + 8, -w = w - j*q + 14. Calculate f(w).
-9
Let s(d) = 2*d**2 - d**3 - 2*d**2 + 2*d - d**2. Suppose 0 = 5*v + 3*a + 21 + 1, -4*a = 3*v + 22. Determine s(v).
0
Let l(x) = 7*x**2 + 3*x - 4. Let b(q) = 6*q**2 + 2*q - 3. Let w(j) = -3*b(j) + 2*l(j). Determine w(-1).
-3
Let b(h) = -3*h**2 + 6*h + 2. Let p(z) = z**2 - 3*z - 1. Let i(q) = -2*b(q) - 5*p(q). Suppose 3*t + 3 = -3. Give i(t).
-1
Suppose 4*s = -4, -4 = x + 4*s + 5. Let j(c) = c**2 + 4*c + 2. Determine j(x).
7
Let h(u) = u**2 - 7*u + 4. Let d = 10 - 14. Let w = d + 9. What is h(w)?
-6
Let b(z) = 5*z**2 - 18*z. Let n(k) = -2*k**2 + 6*k. Let q(p) = -4*b(p) - 11*n(p). Determine q(-4).
8
Let n(d) = d**2 - 4*d + 3. Let w be n(0). Let u(z) = z**2 - 3*z + 3. Give u(w).
3
Suppose 5*r - 18 = -2*g, -7*g + 4 = 2*r - 3*g. Let m(h) = 3 + r + h - 1. Give m(-5).
1
Let d be (-2)/(-15)*12/32. Let s(u) be the second derivative of -2*u**2 - d*u**5 + 1/4*u**4 + 1/3*u**3 + u + 0. What is s(3)?
2
Let t(d) = d**2 + 14*d + 6. Let c be t(-14). Let b(x) = 5*x + 2 + c*x + 0*x - 10*x. Give b(-5).
-3
Let j(n) = -n**3 + n - 11. Suppose 0*u = u. What is j(u)?
-11
Suppose 3*z - 4 = 3*r - 1, -2 = 3*r - 2*z. Suppose -2*d + j = -11, r*d - 3*d - 2*j = -13. Let f(v) = -v - 6. Give f(d).
-11
Suppose 5*i = 2*i + 6. Suppose -i*z + 2 = -0. Let a(v) be the second derivative of 7*v**5/20 - v**4/12 + v**3/3 - v**2/2 + 16*v. Determine a(z).
7
Let h = 3 + -1. Let t(v) be the second derivative of v**5/20 - v**4/6 + v**3/3 - 3*v. Give t(h).
4
Let h(y) = 17*y - 4*y - 6*y - 6*y - 2. Calculate h(0).
-2
Let x(j) = 7 + 3*j**3 - 4 - 2*j**3 - 1. Let r(y) = -y**3 - 4*y**2. Let b be r(-4). Give x(b).
2
Let q(l) = 7*l - l**2 - 5*l + l - 3. Calculate q(3).
-3
Let q(x) = -x**3 - x**2 - x + 1. Let v(r) = -r**3 - 8*r**2 + 4*r - 4. Let h(a) = -2*q(a) + v(a). Calculate h(5).
-1
Suppose -7*o + 11 - 25 = 0. Suppose 0*c = 3*c. Let i(d) = 2*d - 1 + c*d + 0 - 2*d**2 - d**3. Determine i(o).
-5
Let m = -3 + 11. Let r = m - 6. Let i(g) = g**3 - g**2 - g + 1. Determine i(r).
3
Let a = -4 - 4. Let f(p) = -p**3 - 9*p**2 - 9*p - 5. Determine f(a).
3
Suppose 0*m = 3*m - 15. Let n(c) = -c - 2. Calculate n(m).
-7
Let m(i) = -i**3 - i**2 - 1. Let g be m(-2). Let w(s) = -2 - s**2 - s**2 + g*s + 0*s - s**3. Calculate w(-3).
-2
Let k(b) be the third derivative of -b**4/6 - b**3/2 + b**2. Let n(u) = u**2 + 6*u - 2. Let q be n(-6). Give k(q).
5
Let a = 3 - 9. Let h = a - -8. Let p(c) = 6 - 2*c - 9 + 1 + 4. Calculate p(h).
-2
Let k(l) = l**2 - 8*l + 7. Let j = 23 + -17. Give k(j).
-5
Let a(u) = -20 + 6 + 9 - u. Let r be a(0). Let q(m) = -2*m - 4. Determine q(r).
6
Let y(g) = -11*g - 14. Let o(k) = 7*k + 10. Let m(w) = 8*o(w) + 5*y(w). Give m(-5).
5
Let h(c) = -c - 4. Let k be h(-7). Suppose 5*p - 8 = -4*o, -k*o + 5*p - 2 = -4*o. Let i(n) = n - 1. Determine i(o).
1
Let o(v) = v**3 - 3*v**2 - v - 1. Let s = 7 + -4. Suppose -3*n - 7 = -x - s*x, 3*x = 12. Let r be (n/(-5))/(3/(-15)). Determine o(r).
-4
Let c(i) = i**2 - 9*i - 5. Let b be (2 - -3)/((-1)/(-2)). Let x be c(b). Suppose 3 = -x*g + a + 6, -a - 3 = -3*g. Let z(m) = -m**2 - m - 3. Give z(g).
-3
Let o(g) = 12*g. Let i(b) = b**2 + 5*b + 5. Let m be i(-2). Calculate o(m).
-12
Let n(r) = 5*r**3 + 2*r**2 - 8*r + 1. Let u(j) = j**3 - j + 1. Let v(d) = -n(d) + 4*u(d). Calculate v(-2).
-5
Let w = 16 - 9. Let m(v) = 0 + 1 - 7*v - v**3 - 5 - w*v**2. What is m(-6)?
2
Let n(o) = -o - 16. Let x be n(-11). Let i(m) = -m**2 - 3*m + 2. Calculate i(x).
-8
Let g(y) = -3*y - 4. Suppose -j + 2 = 0, 2*a + 2 = a - 2*j. Determine g(a).
14
Let q be (15/12)/(3/12). Suppose 0 = -3*i - 2*w + 10, q*i - w = -3*w + 10. Suppose i = 4*b + 19 - 3. Let g(z) = -3*z - 5. Give g(b).
7
Let m(p) = 2*p**2 - p + 1. Let o = 17 + -15. Suppose -5 = -o*t - 3. Give m(t).
2
Let w = 16 + -8. Suppose -w = 4*h - 2*h. Let g(s) = 3*s**2 - 6*s - 5. Let i(t) = t**2 - 3*t - 2. Let f(z) = 2*g(z) - 5*i(z). Calculate f(h).
4
Let l be -3 + ((-7)/(-1))/1. Suppose -l*q = -v - 2*v - 8, -6 = 4*v - 3*q. Let t(o) = -o**3 - o - 1. Calculate t(v).
-1
Let t(a) = -3 - 3 - 4*a - 5*a**2 + a**3 + 4 + 0. What is t(6)?
10
Suppose 2*p - 24 = -5*t, 0 = 5*t + 3*p - 4 - 17. Let z(j) = -j**2 + 7*j + 4. Calculate z(t).
10
Let n(k) = k - 5. Let y = -31 - -37. Give n(y).
1
Let b(m) be the second derivative of 5*m**3/6 - 2*m. Suppose -2*v + 2*j = -4*v, 5*j + 18 = 4*v. Give b(v).
10
Suppose 3*b - 6*b = 0. Suppose -3*c - 9 - 9 = b. Let u = c - -10. Let o(p) = p**2 - 5*p + 5. Determine o(u).
1
Suppose 2*r + 3*r + 40 = 5*b, -8 = -r - 3*b. Let a(u) = 3*u + 3. Calculate a(r).
-9
Let v(f) = -2*f + 4 + 3*f + 2*f - 2*f**2. Let l be (3/(-2))/(3/(-6)). Suppose n = -l*n + 12. Determine v(n).
-5
Let i(a) be the third derivative of a**4/12 - a**3/6 - a**2. Suppose -4*k + 3*k + 24 = 5*f, 3*k + 23 = 4*f. What is i(k)?
-3
Suppose 0*u = -3*u. Suppose u*q - 5*q = 10. Let i(k) = -k - 2. Determine i(q).
0
Let k(o) = 5*o + 4. Let c = 12 - 16. What is k(c)?
-16
Let d(q) = -3*q**3 + 3*q**2 - q - 1. Let f be (0 - 2)/(-1 + 0). Give d(f).
-15
Let x(r) = r**3 + 3*r**2. Let l = 21 - -21. Let n be l/(-18) + (-2)/(-6). What is x(n)?
4
Let x = -1 + 5. Let u(y) = -y + y**3 + 4 - x*y**2 + y + y. What is u(3)?
-2
Let v(y) be the second derivative of y**4/24 + 3*y**2/2 - 3*y. Let l(r) be the first derivative of v(r). Suppose 5*u - 5 = 10. Give l(u).
3
Let l(g) = -g**3 + g**2 + g. Let a(o) = o**3 + o + 1. Let h(s) = -a(s) + l(s). Determine h(1).
-2
Suppose 3*l = p - l, 2*p = -l. Let c(t) = 1 - t + 1 + p*t + t**2 + 0*t**2. What is c(0)?
2
Suppose 26 = x + 32. Let j(u) = -u + 1. Give j(x).
7
Let w(p) = p**2 + 5*p + 4. Suppose 3*d - 9 = 6*d. What is w(d)?
-2
Let a(d) = 5*d**2. Let p be a(-1). Suppose -p = 4*m + 11. Let n be 0/(6/(m/(-2))). Let c(j) = -j - 7. Give c(n).
-7
Let r(y) = 5 - 3 + 2*y - 4*y + 1. Suppose 4*l + g + 2*g - 25 = 0, -3*l - 2*g + 18 = 0. Give r(l).
-5
Let p(l) = -3*l**2 + 3*l + 5 + 2*l**2 - 2*l. Let s be (-2 + 2)/(1 - 0). Calculate p(s).
5
Let y(w) = -w**3 + 4*w**2 - 2*w - 3. Let v be y(3). Let o(b) = -b**2 - b + 3. What is o(v)?
3
Let l be 0 + 2 - (-5 + 5). Suppose l*f - 3*f + 3*w + 6 = 0, 0 = 5*f - 3*w - 90. Let n be f/6*8/14. Let p(v) = -v**3 - v**2 + 3*v - 2. Give p(n).
-8
Suppose 0 = -3*o + 6 - 0. Let q(w) = w**3 - 6*w - w**o + w**2 + 5*w. Calculate q(2).
6
Let m(x) = -3*x**3 + 2 - x**2 - 4*x**2 - 5*x**3 + 9*x**3. What is m(5)?
2
Let z be 4*1 + (3 - 3). Suppose 4*p - a = 16, -z*p + 8*a - 3*a = 0. Suppose -n + 6*n + p = 0. Let i(t) = 8*t**2 - t. What is i(n)?
9
Let u(t) = -3*t - 15. Let l be u(-8). Let h be (-3 + l)*(-3)/(-6). Let i(j) = -3*j**2 + 4*j + 1. Determine i(h).
-14
Let b(y) = -8*y**2 + y**3 + 25 - 39 + 0*y + 24 + 7*y. Determine b(7).
10
Let s(l) be the second derivative of l**5/20 + l**4/4 + 2*l**3/3 + 3*l**2/2 + 5*l. Calculate s(-2).
-1
Let j be (-23)/(-7) + (-16)/56. Let z(b) = -3*b**3 + b + 4*b**j - 2*b**2 + 5*b**2 - 2. Give z(-3).
-5
Let l be (-2)/3*6/4. Let o(y) = -y**2 + 2*y - 3*y**2 - 56 + 3*y**2 + 57. Give o(l).
-2
Let z(n) be the first derivative of n**2/2 - 5. Let y(p) = -4*p**2 + 1. Let x be y(-1). Determine z(x).
-3
Suppose -5*f = -4*c + 23, -3*f - 7 - 26 = 4*c. Let y(b) = -b**2 - 5*b. Calculate y(f).
-14
Let w(j) = 4*j**2 - 19*j + 11. Let p(x) = x**2 - 5*x + 7. Let q(f) = -1. Let m(y) = -p(y) - 4*q(y). Let u(n) = -9*m(n) - 2*w(n). Give u(5).
-5
Let c(a) be the first derivative of -a**4/4 + 4*a**3/3 - a**2/2 - 